-6
Suppose 0 = a - l + 4, -2*l - 22 = 4*a - 0*a. Let d be -1 + (a - -2 - -5). Let r(c) = 5*c**2 - 1. Determine r(d).
4
Suppose 0 = i + 2*p - 4, 2*p + 3*p - 10 = -4*i. Suppose 5*k - 6 + 46 = i. Let h = -6 - k. Let t(f) = 2*f**2 - 4*f + 3. Determine t(h).
3
Let w(i) = i**3 + i**2. Let f(d) = -2*d**3 - 7*d**2 - 6*d - 6. Let k(l) = -f(l) - w(l). Suppose -c - 15 = 2*c + 5*r, 4*c = -5*r - 20. Calculate k(c).
1
Let h(k) = k**2 + 2*k - 5. Let d = 7 + -12. Let p = d + 8. Suppose -l - 1 = p. What is h(l)?
3
Let r = 1 - 0. Suppose -11 = -t - 2*k, r = -0*t - t + k. Let q(o) = 3*o + t*o - 5*o - 3. What is q(3)?
0
Let k = 9 + -2. Suppose -4*w - 6*d + k = -d, 0 = w + 4*d + 1. Let r(s) = s**2 - s. What is r(w)?
6
Let c(b) = b - 7. Let v(n) = -8. Let f(u) = -5*c(u) + 4*v(u). What is f(2)?
-7
Let n(i) = 16 - i**2 + i**3 - 5 - 10. What is n(-1)?
-1
Let m(t) = t**2 - 3*t. Let g(a) = -a + 1. Suppose 4 + 2 = o - 5*d, -5*o + 4*d = -9. Let u(p) = o*g(p) - m(p). Determine u(4).
-7
Let m(c) be the first derivative of 2*c + 2/3*c**3 + 1/4*c**4 + 4 - 3/2*c**2. Give m(-3).
2
Let l(p) = -p**2 + 4*p - 4. Let o be -2 - 1 - (1 - -11)/(-2). What is l(o)?
-1
Let k(d) = 1. Let j(h) = -h**2 - 2*h - 4. Let i(p) = -j(p) - 4*k(p). Let s(b) = -2*b**2 - 5*b. Let c(a) = 7*i(a) + 4*s(a). Suppose -2*t = -t + 4. What is c(t)?
8
Let q(w) be the second derivative of -w**6/720 - w**5/12 - 5*w**4/12 - 5*w. Let z(b) be the third derivative of q(b). Give z(-5).
-5
Let k(j) be the second derivative of 3*j + j**2 + 1/2*j**3 + 0. Suppose 2*u + 3*v - 19 = 0, 0 = 3*u - 3*v - 3 + 12. Calculate k(u).
8
Let t(u) be the third derivative of -11*u**6/120 - u**4/24 - u**3/6 - 3*u**2. Calculate t(-1).
11
Suppose 4*j - 23 = 13. Suppose -u + i = 0, 2*u - 4*i + j = i. Let w(l) = 8 - 3*l**2 + 4*l**2 - 10 + u*l. Calculate w(-4).
2
Let f(d) be the third derivative of -d**5/60 + d**4/4 + d**3 - 20*d**2. Calculate f(5).
11
Let m = 89 + -85. Let x(v) be the first derivative of -3*v**2 - 2 + v - 1/4*v**m + 5/3*v**3. Give x(4).
-7
Let h(w) = -w**3 + 4*w**2 + 2*w - 3. Let q(y) = y**3 - 4*y**2 + 3*y + 4. Let o(d) = d + 1. Let k be o(-1). Suppose 3 = s - k. Let j be q(s). Determine h(j).
5
Suppose -5*l + 1 = -24. Let t(j) = j + 1. Let n(f) = f**2 - 3*f + 7. Let h(k) = -n(k) + 4*t(k). Calculate h(l).
7
Suppose -2*f + 5*s - 1 = 1, -6 = -4*f + 5*s. Suppose 2*u + u + 9 = f*n, 0 = 4*u - n + 12. Let l(w) = -w - 2. Calculate l(u).
1
Let v(r) be the third derivative of 1/720*r**6 - r**2 + 0 + 1/20*r**5 + 1/24*r**4 + 0*r**3 + 0*r. Let q(j) be the second derivative of v(j). Calculate q(0).
6
Let h = 16 - 11. Suppose t - h = -0. Let l(r) = -r**3 + 4*r**2 + 5*r - 10. Let u(x) = x**3 - 4*x**2 - 5*x + 9. Let q(j) = 6*l(j) + 7*u(j). What is q(t)?
3
Let c(k) be the first derivative of -k + 2 - 1/2*k**2. What is c(-3)?
2
Let s(j) = 2*j**2 - j + 3*j + 3 + 0 - 2. Calculate s(-2).
5
Let w(v) = v - 3. Let q be w(5). Let g(n) = 2*n - q*n + 2*n**2 - 6 + 7*n - n**3. What is g(4)?
-10
Suppose -m + 8 = -4*w, 37 = 3*m - 0*m + w. Suppose 0 = d - 5*d + m. Let g(i) = i + 4. What is g(d)?
7
Let p(h) be the first derivative of -3*h**2/2 + 2*h + 39. Suppose 3*c = 1 + 5. Give p(c).
-4
Let r(g) = -2*g. Let s = 1 + -4. What is r(s)?
6
Let m(v) be the second derivative of -v**4/12 - v**3/6 + 17*v. Calculate m(2).
-6
Let v = -13 + 8. Let u(m) = -7*m + 7. Let l(w) = 10*w - 11. Let d(r) = v*l(r) - 7*u(r). Let h(x) = -4*x**3 - 2*x**2 - 4*x - 3. Let a be h(-1). Calculate d(a).
3
Let f(p) be the second derivative of -1/2*p**2 + 0 - 3*p - 1/6*p**3. Calculate f(-2).
1
Let w(d) be the third derivative of -d**6/120 - d**5/60 + d**4/8 + d**3/2 + d**2. Let a = -13 + 18. Suppose 5*n + a = -5. What is w(n)?
1
Let m(t) = 2*t**2 - 6*t - 3*t**2 + 6 + 2*t**2. Suppose -3 = -5*i + 17. Give m(i).
-2
Suppose -4*f - 9 = -g + 19, 5*g = -3*f + 48. Suppose g = -0*s + 2*s. Let t(l) = 2*l - 9. Give t(s).
3
Let o(v) be the first derivative of 0*v + 1/6*v**3 - 2*v**2 - 2 - 1/8*v**4. Let d(i) be the second derivative of o(i). Give d(-1).
4
Let h(q) = q**3 - 5*q**2 - 2*q - 4. Let j(b) = -b + 16. Let g be j(11). Determine h(g).
-14
Let g = -18 - -15. Let p(t) = 5*t + 5. Let u(z) = 16*z + 16. Let q(f) = 20*p(f) - 6*u(f). Calculate q(g).
-8
Let a(o) = 2*o - 1. Let i(f) = f**3 - 7*f**2 - 9*f + 4. Let y be i(8). Let b be (0 - -1) + y + 0. Determine a(b).
-7
Let i(z) = -z**2 - 5*z + 2. Let f(k) = -k**2 - 5*k + 1. Let a(n) = -2*f(n) + 3*i(n). Let v = -19 + 13. Determine a(v).
-2
Let r(i) be the second derivative of i**5/20 - i**4/2 + 2*i**3/3 + 9*i. What is r(5)?
-5
Let t(c) = -c - 1. Suppose 5*j - 66 - 74 = 0. Let p = -20 + j. Let r = p + -13. Determine t(r).
4
Let j(l) be the first derivative of 1/24*l**4 + 0*l + l**2 + 1/3*l**3 + 2. Let q(b) be the second derivative of j(b). What is q(-3)?
-1
Let q(a) = 6*a**3 - 1. Let g(p) = p**2 - 11*p + 11. Let z be g(10). Give q(z).
5
Let v be 1/((-10)/(-4)) - (-22)/20. Let f(t) be the first derivative of -v*t**2 - t + 1. Determine f(-2).
5
Let x(w) = 2*w**2 + 4*w + 2. Let q(a) = 3*a**2 + 8*a + 3. Let n(u) = 3*q(u) - 5*x(u). Let b = -1 - -3. Give n(b).
3
Suppose 37*l - 31*l + 36 = 0. Let c(n) = -6*n**3 - 12*n**2 - 6*n - 13. Let h(s) = -5*s**3 - 11*s**2 - 6*s - 12. Let u(d) = 4*c(d) - 5*h(d). Calculate u(l).
8
Let y(h) = h**2 + 3*h - 5. Let v = 6 + -10. Calculate y(v).
-1
Let o(w) = -2*w**2 + 12*w - 4. Let r be o(6). Let t(x) = x**2 + 3*x + 1. Calculate t(r).
5
Let x be (7 + 1)*(-4 + 5). Let o(i) = i**2 - 8*i + 3. Let r be o(x). Let k(p) = 3*p - 3. Determine k(r).
6
Suppose -o + 32 = 4*a - 4*o, 5*a + 3*o - 13 = 0. Let m(p) = 2*p + 3. Let n(t) = -5*t - 7. Let c(u) = -7*m(u) - 3*n(u). Give c(a).
5
Suppose 2 = n + 3. Let f be n/(12/9 - 1). Let o(j) be the third derivative of j**6/120 + j**5/20 - j**3/6 - 2*j**2. Determine o(f).
-1
Let l(a) = a - 2. Let p = -20 + 14. Calculate l(p).
-8
Let h(a) = -a**2 - 7*a - 5. Let y be 12 - (-1 - (-1 + -1)). Suppose -5 = -c + j, -3*j - 8 = -4*c + 2*c. Let z = c - y. Give h(z).
7
Let o(a) = -4*a + 3. Let v(i) = -8*i + 6. Let x(w) = -5*o(w) + 2*v(w). What is x(2)?
5
Let m = -15 - -15. Suppose -2*u - 10 + 50 = 4*i, -u - 30 = -3*i. Suppose a + 0*a = -5*z - i, -a - 5 = m. Let f(v) = 6*v**3 - 2*v - 1. Determine f(z).
-5
Let m be (-24)/(-20)*5/(-2). Let x(a) = a**3 + 4*a**2 + 3*a + 1. Determine x(m).
1
Let b = 1 + 1. Let m(k) = -4*k**2 - 4 + 0*k**b - k**3 - 2 + 3*k. Let s = -10 - -5. Give m(s).
4
Let k(l) = -l + 1. Let h = -12 + 18. Let m(i) = 2*i - 2. Let j(q) = h*k(q) + 2*m(q). Suppose 3*s + 0*s - 15 = 0. Give j(s).
-8
Let f(q) = q + 8. Let b(t) = -t**3 - 4*t**2 - 3*t. Let j = -3 + 0. Let s be b(j). What is f(s)?
8
Let q(c) = c + 7 - 2*c**2 - 2*c**3 - 9 + 1 + 5*c**3. Give q(2).
17
Let h(l) = -l**3 + l + 8*l**2 - 4*l**2 - 3*l - 2. What is h(3)?
1
Let k(l) be the third derivative of -l**6/120 + l**5/12 - 5*l**4/24 + 2*l**3/3 - 15*l**2. Give k(3).
7
Let x(b) = 0 - 4*b - 5*b - 1 + 8*b. Give x(-7).
6
Let q(z) = z**2 - 7 + 3 - 4*z - 2*z + 1. Calculate q(5).
-8
Let y(x) = -x + 23. Let k be y(20). Let o(b) = -b - 4. What is o(k)?
-7
Suppose 12*b = 19*b - 7. Let y(t) = -t**2 - 1. What is y(b)?
-2
Let q(p) = p - 1. Let v = 4 - 3. Suppose 4*n - 16 = 5*r, 4*n + v = 4*r + 17. What is q(r)?
-1
Let i(l) = l**2 + l - 5. Let y(m) = -m**2. Let j be y(0). Determine i(j).
-5
Let x(z) = -2*z**2 - 27*z + 13. Let g(b) = b**2 + 14*b - 7. Let u(o) = -11*g(o) - 6*x(o). What is u(-6)?
-13
Let k(l) = 3*l**2 + 5*l - 6*l + 6*l - 2 - 2*l**2. Determine k(-3).
-8
Let o(q) = -q. Let g be o(-2). Suppose a = -g*s + 6*a - 4, s - a - 1 = 0. Let x(w) = 5 - 4*w**3 + 6*w**3 - 5*w**2 + s*w**3 - 4*w**3. Determine x(5).
5
Suppose 4*j + 5 = -7. Let r(q) = -5*q**3 + 4*q**2 - 29*q - 7. Let c(o) = -o**3 + o**2 - 7*o - 2. Let a(y) = 9*c(y) - 2*r(y). Calculate a(j).
-7
Let m(b) = b**2 + 5*b + 1. Suppose 0 = 5*a - z + 7, 3*z = 2*a - 0 - 5. Give m(a).
-5
Let d(n) = n**3 + 3*n**2 + 2*n - 2. Suppose 0 = 5*u - 5, 0*u - 2 = 2*w + 2*u. Calculate d(w).
-2
Suppose 3*v - 4*v - 14 = 3*y, v - 1 = 2*y. Let h = -3 - -5. Let z(l) = 3*l**2 - 5*l - 7 - 3*l**h - l**2 + 2. Give z(v).
-5
Let c(m) = -11*m**2 + 11*m - 10. Let o = -2 + -6. Let a(d) = -4*d + 2 + 2 - 4 + 3 + 4*d**2. Let t(b) = o*a(b) - 3*c(b). Calculate t(0).
6
Let r(i) = -i**2 + i - 9. Let o = 7 - 4. Let z(s) = -s**2 - 10. Let p(